t common divisor of n and 14?
14
Suppose 4*d = 2*d + 32. What is the highest common divisor of 112 and d?
16
Suppose -4*l + a + 9 = 1, 5*l - a = 10. Let h(z) = -3*z**3 - 2*z**2 + 2. Suppose -p + 3*p = -4. Let q be h(p). What is the greatest common factor of l and q?
2
Suppose -2*c = -5*t - 26, -29 = -3*c - t + 10. Calculate the greatest common divisor of 130 and c.
13
Let g(z) = 36*z - 5. Let v be 12/((-3)/(-3) + 1). Let i be g(v). Suppose -u + 5*s = -87, i = 3*u + 4*s - 12. Calculate the highest common factor of 7 and u.
7
Let h(c) = 7*c**2 - 2*c - 7. Let y be h(3). Calculate the highest common divisor of y and 20.
10
Suppose -5*k + 43 + 22 = 0. Calculate the greatest common divisor of k and 65.
13
Let q(g) be the second derivative of g**5/20 + 3*g**4/4 + 4*g**3/3 + 2*g**2 + 4*g. Let x be q(-5). Calculate the highest common divisor of 8 and x.
8
Let j(s) = -6*s. Let m be j(-5). Suppose m - 114 = -2*c. What is the greatest common divisor of 14 and c?
14
Let i be 4 + -2 + 10 + 1. Let a be (-18 - -2)/(1/(-13)). Let c be a/(-6)*6/(-2). What is the highest common factor of c and i?
13
Let q(i) = i**3 + 2*i**2 - 4*i. Let x be q(3). Let b = 77 - x. Calculate the highest common factor of 11 and b.
11
Suppose 5*z + 6 + 9 = 0. Let v = 0 - z. Calculate the highest common factor of v and 30.
3
Let w(n) = n**2 - 9*n - 5. Let o be w(10). What is the highest common factor of 135 and o?
5
Suppose -4*l + 57 = -7. What is the highest common divisor of 16 and l?
16
Suppose -5*i = -i - 100. Let x be (1/3)/(10/30) + 199. What is the greatest common divisor of i and x?
25
Let x(i) = -i**2 + 6*i + 6. Let j be x(6). Suppose 5*u - 18 = -4*r, 2*u + 4*r = u - j. What is the highest common factor of 54 and u?
6
Let m(g) = -18*g**3 - g**2 - 4*g - 4. Let j be m(-2). What is the highest common factor of j and 18?
18
Let r(g) = -g**3 + 6*g**2 - 6*g + 2. Let k be r(4). Calculate the highest common factor of 10 and k.
10
Suppose -27 = -4*v + 5. Let a be 2*(120/3 - -4). What is the highest common divisor of v and a?
8
Let l = 7 - 23. Let t = 20 - l. Suppose -r + 9 = -0*r. Calculate the highest common divisor of t and r.
9
Let y be ((-110)/8)/(3/(-12)). Calculate the highest common divisor of y and 5.
5
Let t be 6/(-27) - (-1232)/36. Calculate the highest common divisor of t and 34.
34
Let l(o) = -12*o + 1. Let z be l(-1). Calculate the greatest common divisor of 52 and z.
13
Let h be 6/15 + 148/5. Suppose 3*s + 2 = 146. Let l = s - h. What is the highest common divisor of 2 and l?
2
Let p be (8/(-2))/(4/(-16)). Suppose 3*k - 102 = -4*t, 3*k - 100 = -4*t + k. Calculate the highest common factor of p and t.
8
Suppose 0 = -c - 4*x + 18, c + 0*c + 2*x = 24. What is the greatest common divisor of 20 and c?
10
Let f(x) = -x**2 + 6*x - 6. Let a be f(4). Suppose 2 = b - a*i - 2*i, 2*i = 8. What is the highest common factor of b and 45?
9
Let q = -35 + 50. Suppose 0 = -2*n, -6*n - 540 = -4*t - n. What is the highest common divisor of t and q?
15
Let a(m) = -m**3 - 2*m**2 - 3*m - 1. Let q be a(-2). What is the greatest common divisor of 5 and q?
5
Let j = 18 + -26. Let x be 6/24 - 14/j. Let u = 2 + 0. Calculate the highest common divisor of u and x.
2
Suppose 0*f = -2*h + f + 56, 0 = 4*h - f - 116. Suppose -2*s + h = 3*v, -s - 3*v + 42 = 2*s. What is the greatest common divisor of s and 84?
12
Suppose 2*t + 3*s + 2*s = 15, 0 = -3*t + 5*s + 10. Calculate the greatest common divisor of t and 5.
5
Suppose -5 = -l + 3*a, -4*a - 1 = 5*l - 7. Suppose -l*u - u = -120. What is the highest common factor of 8 and u?
8
Let y be (-284)/(-10) + (-2)/5. Let l = y + -19. Suppose 3*q - 27 = -3*r, l = -q + 2*q + 5*r. Calculate the highest common divisor of 27 and q.
9
Suppose -5*s + g = -55, 3*g = 7*g - 20. Calculate the greatest common divisor of 108 and s.
12
Let k = 8 + -1. What is the highest common divisor of 35 and k?
7
Suppose -2*d = -7*d. Suppose -y = 4*k - 46, 5*k + 0 = y - 64. Suppose 2*s = -4, -y = -4*w - s - d*s. Calculate the greatest common factor of w and 98.
14
Let c be (4/(-3))/((-6)/99). Let p(u) = 6*u + 7. Let q be p(8). Calculate the highest common divisor of c and q.
11
Let r = 143 - 89. Calculate the highest common factor of 81 and r.
27
Suppose 0 = -4*u - 0*u + 8. Suppose z - u*l - 11 = 2, -2*z = 3*l - 19. Calculate the greatest common divisor of z and 44.
11
Suppose b - 3*p - 223 = 0, -3*b - 2*p = -0*p - 647. What is the highest common divisor of b and 31?
31
Suppose 4*v - 7 = 5. Let y = v + 9. Suppose 2*b + y = 2*u, -4*u - b + 3 = 4. What is the highest common divisor of 2 and u?
1
Suppose -3*l + 34 = -0*l - m, 70 = 5*l + 5*m. Let s be -3*7/l*-4. What is the highest common factor of s and 63?
7
Suppose -4*c + 2*c = 354. Let f = c + 276. Calculate the greatest common divisor of 11 and f.
11
Let y(h) = -h**2 + 6*h + 1. Let n be y(3). Suppose -34 = -2*p + 146. What is the highest common divisor of p and n?
10
Let d be 1/(-3) + 3/9. Let n(w) = w**2 + w + 10. Let t be n(d). Suppose 6 = 3*l, 0*u = -u - l + 7. What is the highest common factor of t and u?
5
Let k(i) = -6*i - 2. Let v be (-3)/2*(-3 + 5). Let h be k(v). Let x be (h/(-6))/(1/(-6)). Calculate the highest common factor of x and 24.
8
Let v be (-3)/(-51)*104 + 8/(-68). What is the highest common factor of v and 96?
6
Let s(w) = -w**3 + w**2 + 2*w + 1. Let n be s(-2). Let v be (-16)/(-6)*n/2. Suppose 2 + v = 2*l. Calculate the greatest common divisor of l and 63.
7
Suppose -2*m + m + 9 = 0. Suppose -5*z + m = -1. Calculate the greatest common divisor of z and 3.
1
Suppose 0*z = -x - 3*z + 9, x + 5*z - 15 = 0. Suppose a = 3, 3*k + x*k - 207 = a. Calculate the highest common factor of k and 14.
14
Let t = 38 - 23. Let v be (20/t)/(4/126). What is the highest common factor of 14 and v?
14
Let y = -232 - -352. What is the highest common divisor of y and 15?
15
Let i = -1 + 4. Suppose 0 = 2*l + 2*k - 14, -4*k = i*l - 14 - 5. Suppose 5 = 2*y + 3*y. Calculate the highest common factor of l and y.
1
Suppose 2*m - 8 = -2*m. Suppose 325 = 5*x - 0*x + 5*g, -g = -m. Suppose 0 = 5*s - x - 147. What is the highest common factor of 21 and s?
21
Suppose 2*u + 25 = -3*u. Let j be 4 + u/((-20)/(-8)). Let o be (-4)/((4/(-18))/1). Calculate the greatest common divisor of o and j.
2
Let k(d) = -13*d - 29. Let i be k(-5). What is the greatest common divisor of 60 and i?
12
Let k = -9 - -23. Let g = 68 - 30. Suppose 5*m = d + 34, 5*m - 2*d - g = -5*d. What is the highest common divisor of m and k?
7
Let f(k) = -65*k - 3. Let q be f(-3). Calculate the highest common factor of 24 and q.
24
Let w(z) = z**3 - 8*z**2 - 7*z - 3. Let d be w(9). Let b be 0 - -1 - 18/(-2). Calculate the greatest common factor of b and d.
5
Suppose b - 2*b + 8 = -5*n, 0 = b - 3*n - 16. Calculate the greatest common divisor of 14 and b.
14
Let r be (16/5)/(16/40). Suppose r*d - 7*d = -19. Let c = d + 41. Calculate the greatest common divisor of c and 33.
11
Suppose -o + 4*o = 3*g - 39, -5*g = o - 47. Let a = 4 - 4. Let f be 2/(2/100 - a). Calculate the greatest common divisor of g and f.
10
Let z = 4 + -5. Let s be z - 3/((-3)/14). What is the highest common factor of 26 and s?
13
Let j be (-2)/4*-8 - -26. What is the highest common factor of j and 240?
30
Let x = 88 - 82. Calculate the highest common factor of x and 66.
6
Suppose 2*d = -0*d + 6, -d - 213 = 3*c. Let a = -39 - c. Let w be a/4*(-128)/(-12). What is the highest common divisor of w and 8?
8
Let j(a) = -a + 9. Let d be j(6). Let z(k) = k**3 - 10*k**2 + 10*k. Let n be z(9). Let v be d/(-9) + 723/n. Calculate the greatest common divisor of v and 10.
10
Suppose 2*o - 10 = -0*o. Calculate the greatest common divisor of 10 and o.
5
Suppose 0 = -3*w - 2 + 56. Calculate the greatest common divisor of 90 and w.
18
Let j = 12 - 5. Suppose j*t = 3*t + 64. Calculate the greatest common factor of 128 and t.
16
Let p(k) = 3*k**2 + 4*k - 3. Let m be p(-4). Calculate the highest common divisor of 203 and m.
29
Let k(f) = f + 4. Let v be k(8). Calculate the greatest common factor of v and 6.
6
Let m(z) = -z**2 - 9*z + 6. Let w be m(-7). Calculate the highest common factor of 4 and w.
4
Let c be (3/18*2)/(2/48). Calculate the highest common factor of c and 2.
2
Suppose 0*i = -4*z - 2*i + 1140, -2*z + 4*i = -550. Suppose 5*x -